 r(s) = 4*a(s) + 3*m(s). Determine r(p).
-4
Let f(w) = -5*w**2 + 9*w + 5. Let x(o) be the third derivative of o**5/15 - o**4/3 - 2*o**3/3 + o**2. Let z(s) = 5*f(s) + 6*x(s). What is z(-4)?
-3
Let d(r) = 3*r**2 + 2*r - 2. Let o be d(-2). Let n(t) = 2*t - 9. Determine n(o).
3
Let p(k) = -k**2 - 7*k - 9. Suppose -2*j + 2 = j - 4*o, 1 = -j + o. Give p(j).
-3
Let d = -9 - -12. Suppose d*l - 19 = -5*u, 0 = -5*u - 4*l + 22. Let h(c) = -c**3 + 2*c**2 + 3*c - 1. Determine h(u).
5
Suppose s - 3*s - 6 = 0. Let y be s/(9/21) + 2. Let j(f) = f**2 + 6*f - 5. What is j(y)?
-10
Suppose 4*o = -3*z + 5*o - 10, 3*z + 2 = 5*o. Let m(h) = -2*h**2 + 5*h - 4. Let u(n) = 3*n**2 - 6*n + 4. Let r(b) = -4*m(b) - 3*u(b). What is r(z)?
-4
Let d(y) be the third derivative of -3*y**2 + 0 - 1/120*y**6 - 1/24*y**4 - 1/6*y**3 - 1/12*y**5 + 0*y. Give d(-5).
4
Suppose -8 - 4 = 4*v. Let q be ((17 - 2)/v)/1. Let x(h) = -h. Let a(r) = r**2 - r - 2. Let m(t) = a(t) - 6*x(t). What is m(q)?
-2
Let n(t) = -t + 1 + t - 7*t**2. Let f(m) = m - 10. Let l be f(11). What is n(l)?
-6
Suppose -20*c + 2 = -22*c. Let d(p) = 5*p**3 + p**2 + p. Determine d(c).
-5
Suppose -z + 7 = 4*x, -z + 5*x - 8 = -3*z. Let m be ((-9)/4)/(z/(-4)). Let y(d) = 2*d + 1. Let s(n) = -4*n - 3. Let p(j) = m*y(j) - 4*s(j). What is p(4)?
-5
Suppose -5*b = -3*x + 10, 4*x + 4*b + 8 = -x. Let y(j) = -1 + j**2 + x + j**3 + 0*j**2. Let u be 1*(-2 + 0 + 2). Give y(u).
-1
Let s(k) = -3 + k + 2*k - 1 + 6. Calculate s(4).
14
Let u(r) = r**2 - 1. Let h(z) = 6*z**2 + 5*z - 1. Let w(l) = -h(l) + 5*u(l). Let n be (-8)/36 - (-102)/(-27). What is w(n)?
0
Let u(d) be the third derivative of -d**6/120 - d**5/15 - d**4/24 + 2*d**3/3 + 2*d**2 + 4*d. Calculate u(-4).
8
Let k = -4 + 9. Suppose 2*t - k*s = 3*t + 8, 3*s = 2*t - 10. Let z(g) = -1 + 0*g**2 - g**t + 2 - g. Give z(-3).
-5
Let i(j) = -3*j + 5. Let y be i(2). Let h(b) = 2*b**3 - 2*b**2 - b. Determine h(y).
-3
Let h(o) = -2*o + 3*o**2 + 4 + o**2 + 12*o - 5*o**2. Let a be h(10). Suppose 0 = -a*j + 11 + 5. Let l(m) = -m + 2. Calculate l(j).
-2
Let h(j) = -6*j - 6. Let z(c) = -2*c + 0*c + 3 + 4*c + c. Let g(i) = -2*h(i) - 5*z(i). Give g(-2).
3
Suppose -5*u - 4*v + 2 + 22 = 0, -4*u = 3*v - 19. Let y be (u/(-3))/(2/(-6)). Let f = 6 - y. Let t(o) = -2*o. What is t(f)?
-4
Let g(f) = 2*f**2 + 4*f + 3. Let z(b) = -b**3 - 21*b**2 - 17*b + 58. Let l be z(-20). Calculate g(l).
3
Let c(b) = -b**3 - 5*b**2 - 5*b + 2. Let n(p) = p**2 - 5*p - 4. Let d be n(6). Let g(t) = -t**3 + 5*t**2. Let q be g(5). Let l be (q + -1)*2*d. Determine c(l).
6
Let p be (-50)/8 - 24/32. Let b(j) = j**3 + 6*j**2 - 8*j. Calculate b(p).
7
Let z(d) = 3*d**3 - 9*d**2 + d + 5. Let s(r) = 2*r**3 - 8*r**2 + 3*r + 6. Let h(x) = 4*s(x) - 3*z(x). Give h(-6).
-9
Let m be -1 + (0 - 0) + 3. Let w(k) = 4 + 10*k**2 - 2*k - 11*k**m + 3*k. Give w(4).
-8
Let w(v) = 2*v - 3. Suppose -2*b - a = b - 13, 5*a = -5*b + 15. Suppose 0 = -g - 4*g - b. Let m be -1 + g + 0 + 4. Determine w(m).
1
Let o(t) = -4 - 2*t**2 + 6*t + t**2 + 1 + 2. Give o(5).
4
Let j(n) = -5*n + 2. Suppose 4*v = -0*v - 16. Let s = v - -8. Let f = s + -2. Give j(f).
-8
Suppose 4*q + 54 - 18 = -3*d, 2*d - 22 = 5*q. Let p(m) be the third derivative of m**6/120 + 7*m**5/60 + m**4/4 + m**3/6 + 2*m**2. Give p(q).
1
Let a(f) be the third derivative of f**5/60 + f**3/3 + 15*f**2. Determine a(0).
2
Let w(n) = -n**2 - n + 1. Let s be w(-1). Suppose 0 = -0*t + 2*t. Let i(j) = -5*j - 3 - 1 + t + 3. What is i(s)?
-6
Let k(w) = w**2 + 4*w - 7. Let p(r) = -3*r**2 + 19*r - 13. Let o be p(6). Determine k(o).
14
Let s(a) = 10*a - 4. Let j(o) = -9*o + 4. Let c(b) = 5*j(b) + 4*s(b). Give c(3).
-11
Suppose 8*o + 4*m + 52 = 3*o, o = -2*m - 14. Let d = 6 + o. Let u(p) = 2*p + 3. Give u(d).
-1
Let k(d) = -d**3 - d**2. Let n(t) = 5*t**3 + 3*t**2 - t + 2. Let c(g) = -6*k(g) - n(g). Let j be 1/(2/(-42)*-3). Suppose 4*o + j = -5. Determine c(o).
-5
Let t(f) = f**3 + 5*f**2 - f + 2. Let v(o) = -o + 1. Let h(u) = t(u) - 6*v(u). Give h(-4).
-8
Let l = -2 + 9. Let o(q) = -4 + l + q + 2 + 2. Give o(0).
7
Let h(v) = 2*v**2 + 3*v - 4. Suppose -4 + 14 = 2*w. Suppose 3*t - 9 = -0*b + 3*b, -b = -w*t - 1. Let s be 3 - (0 + t)*-6. Calculate h(s).
5
Let c be (1*-2)/(10/15). Let v(g) = 3*g**2 + 3*g**2 + g**3 - 2 - 2*g**2 + 4*g - g. Give v(c).
-2
Let l(u) = 5*u + 9. Let z(v) = 4 - 1 - 2. Let q(g) = -2*g - 6. Let f(j) = -q(j) - 3*z(j). Let c(k) = -8*f(k) + 3*l(k). What is c(-4)?
7
Let u(r) = -r + 1. Let i(g) = g**2 - g - 2. Let n be i(3). Calculate u(n).
-3
Let h = -2 + 5. Let g be (1/h)/(1/6). Let f(k) = -4*k**2 - 4 + 2*k + 0*k**3 - g + k**3. Determine f(4).
2
Let d(j) = -j**2 + j. Let c(b) = -2*b**2 - 2*b + b**2 + 3*b**2. Let n(z) = 2*c(z) + 3*d(z). Calculate n(2).
2
Let o(t) = t - 7. Let h(l) = -l**2 - 12*l - 17. Let i be h(-10). Determine o(i).
-4
Let l(r) be the third derivative of -r**5/60 - r**4/4 - 2*r**3/3 + r**2. Suppose -s = 2*s + 5*h - 33, 4*s - 30 = -2*h. Suppose -s*y = -y + 15. Determine l(y).
5
Let v(t) be the second derivative of t**3/6 - 7*t**2 - 17*t + 2. Let z be 2/(-5) - 64/(-10). Determine v(z).
-8
Let m = 4 + -2. Let j = m + 2. Let g(b) = -14*b + 3 - 2 + j*b. Calculate g(1).
-9
Let c = 14 - 10. Let d(f) be the second derivative of f**3/6 - 7*f**2/2 - 19*f. Give d(c).
-3
Let m(s) be the third derivative of 1/24*s**4 - 1/2*s**3 + 0*s + 1/60*s**5 + 0 - 3*s**2. What is m(0)?
-3
Let q(j) = -4*j - 2. Let s be q(-4). Let r be s/8 + 1/4. Let v(o) = -3*o + 4*o**2 + 0 + 0. What is v(r)?
10
Let z(k) = -5*k**2 + 3*k + 13*k**2 - 4*k**2 - 2*k**2 + 2. Let u(q) = -q**2 - 4*q - 1. Let o(i) = 3*u(i) + 2*z(i). Determine o(5).
-4
Let x(a) be the second derivative of -a**6/720 - 7*a**5/120 + a**4/12 + 6*a. Let j(t) be the third derivative of x(t). Give j(-6).
-1
Let l be (-74)/(-10) + (-6)/(-10). Let t(k) = -k + 1 + l*k**3 + 2*k**2 + 0*k**3 - k. Calculate t(1).
9
Let f(b) = -1 - 6*b - 19*b**2 - 15*b**2 + 35*b**2 + b - 2*b. Suppose 12 = 5*r - z + 3*z, -32 = -5*r + 3*z. Calculate f(r).
-13
Let s(v) be the second derivative of 5/6*v**3 - 1/3*v**4 + 0*v**2 + 0 - 1/20*v**5 - 4*v. Give s(-5).
0
Let b(j) = j**2 + j + 1. Let k(s) be the second derivative of -s**4/6 + s**3/2 + 2*s**2 + 7*s. Let r(q) = 5*b(q) - k(q). Give r(-1).
6
Let s(p) = 2*p**3 - p**2 + 2. Let j(q) = -9*q**3 + 8*q**2 + 3*q - 3. Let k(i) = -j(i) - 4*s(i). Let f = 3 - 6. Let a = f + 8. Give k(a).
5
Let p(q) = -q**2 - 3*q - 4. Let v(r) = -r - 14. Let l(k) = 3*k + 7. Let u be l(-6). Let n be v(u). Calculate p(n).
-4
Let m(g) = -2 - 1 - 127*g + g**2 + 123*g. Give m(6).
9
Let x = -75 + 74. Let z(t) = 7*t**3. Give z(x).
-7
Let b be (104/24)/(-13) + 4/(-6). Let j(m) = 3 + m - 3. Calculate j(b).
-1
Let g(i) = -i**2 - 23*i - 50. Let q be g(-21). Let k(z) = -z**2 - 9*z - 9. Give k(q).
-1
Let j be 1 - 4/(-10)*-5. Let b be j/(2 + (-7)/3). Let m(r) = r + 3. Calculate m(b).
6
Let j(o) = -44*o**2 + 1 + 0*o**3 + 43*o**2 + o**3 + 1. Calculate j(0).
2
Let z(a) = a**2 - 5*a - 6. Suppose 0 = -4*l - 5*m - 37, 0 = -5*l - 5*m + 8*m. Let k(t) = 3*t - 2. Let x be k(l). Let d = 16 + x. Give z(d).
-6
Let v(j) be the third derivative of j**6/120 + 7*j**5/60 + j**3/6 + 2*j**2. Let o(z) = z**2 + 5*z - 13. Let g be o(-6). Determine v(g).
1
Let f(s) be the first derivative of -s**6/180 + s**5/60 + s**4/8 - 2*s**3/3 - 3. Let t(b) be the third derivative of f(b). Calculate t(3).
-9
Let o(n) be the third derivative of 0 + 0*n - 4/3*n**3 + 2*n**2 - 1/24*n**4. Calculate o(-7).
-1
Let c(y) = -5*y + 4. Suppose 0 = -4*v - 0*v + 2*a + 12, -v - 3*a = -3. Let m(z) = z + z**2 - 3*z + v - 2*z. Let x(k) = 3*c(k) - 4*m(k). What is x(-1)?
-5
Let c(d) = -35*d**2 + 25. Let p = 102 + -52. Suppose 7*k = 3*k + 16. Let t(h) = 3*h**2 - 2. Let r(f) = k*c(f) + p*t(f). What is r(1)?
10
Let t(j) = j**3 - j**2 - 2*j + 1. Let o(q) be the first derivative of -1/3*q**3 - 1/2*q**2 + 2 - 2*q. Let n be o(0). Determine t(n).
-7
Let c(s) = s**2 + 0*s**3 + s - 6*s**3 - s**3 + 1. Let h be 7 + 6*4/(-6). Suppose k + 3 = n - 1, 3*k + 2*n - h = 0. Determine c(k).
8
Suppose 2*s + 0*s - 3*o = -37, s - 3*o = -23. Let u be (20/s)/(2/(-14)). Suppose -5*f + 2 = j, -5*j = 2*f - 0*f - u. Let r(h) = h**2 + h + 1. What is r(f)?
1
Let x(l) = l - 6. Suppose 50 = t + 44. What is x(t)?
0
Let w(c) = -6*c**2 - 2*c - c**3 - 5 + 7*c - 6*c. D